{"id":134,"date":"2025-02-12T16:56:15","date_gmt":"2025-02-12T15:56:15","guid":{"rendered":"https:\/\/axeris.pl\/?page_id=134"},"modified":"2025-03-07T09:45:07","modified_gmt":"2025-03-07T08:45:07","slug":"kontakt","status":"publish","type":"page","link":"https:\/\/axeris.pl\/?page_id=134","title":{"rendered":"Kontakt"},"content":{"rendered":"\t\t<div data-elementor-type=\"wp-page\" data-elementor-id=\"134\" class=\"elementor elementor-134\">\n\t\t\t\t<div class=\"elementor-element elementor-element-769f165 e-flex e-con-boxed e-con e-parent\" data-id=\"769f165\" data-element_type=\"container\">\n\t\t\t\t\t<div class=\"e-con-inner\">\n\t\t<div class=\"elementor-element elementor-element-34d3468 e-con-full e-flex e-con e-child\" data-id=\"34d3468\" data-element_type=\"container\">\n\t\t\t\t<div class=\"elementor-element elementor-element-a2b578f elementor-widget elementor-widget-heading\" data-id=\"a2b578f\" data-element_type=\"widget\" data-widget_type=\"heading.default\">\n\t\t\t\t<div class=\"elementor-widget-container\">\n\t\t\t\t\t<h3 class=\"elementor-heading-title elementor-size-default\">Kontakt<\/h3>\t\t\t\t<\/div>\n\t\t\t\t<\/div>\n\t\t\t\t<div class=\"elementor-element elementor-element-fe3b506 elementor-widget elementor-widget-heading\" data-id=\"fe3b506\" data-element_type=\"widget\" data-widget_type=\"heading.default\">\n\t\t\t\t<div class=\"elementor-widget-container\">\n\t\t\t\t\t<h5 class=\"elementor-heading-title elementor-size-default\">Dane kontaktowe<\/h5>\t\t\t\t<\/div>\n\t\t\t\t<\/div>\n\t\t\t\t<div class=\"elementor-element elementor-element-6002fb2 elementor-widget elementor-widget-text-editor\" data-id=\"6002fb2\" data-element_type=\"widget\" data-widget_type=\"text-editor.default\">\n\t\t\t\t<div class=\"elementor-widget-container\">\n\t\t\t\t\t\t\t\t\t<p>Adres:<b>\u00a0<span style=\"color: var( --e-global-color-text ); font-family: var( --e-global-typography-text-font-family ), Sans-serif; text-align: var(--text-align); background-color: var(--wp--preset--color--background); font-size: var(--wp--preset--font-size--small);\">ul. \u015awiderska 104 lok. 11,\u00a0<\/span><span style=\"color: var( --e-global-color-text ); font-family: var( --e-global-typography-text-font-family ), Sans-serif; text-align: var(--text-align); background-color: var(--wp--preset--color--background); font-size: var(--wp--preset--font-size--small);\">03-128 Warszawa<\/span><\/b><\/p><p>Telefon: <b>+48 508 047 554<\/b><\/p><p>E-mail: <b>gsiczek@axeris.pl<\/b><\/p>\t\t\t\t\t\t\t\t<\/div>\n\t\t\t\t<\/div>\n\t\t\t\t<\/div>\n\t\t<div class=\"elementor-element elementor-element-0fb0009 e-con-full e-flex e-con e-child\" data-id=\"0fb0009\" data-element_type=\"container\">\n\t\t\t\t<div class=\"elementor-element elementor-element-6fb1891 elementor-widget elementor-widget-heading\" data-id=\"6fb1891\" data-element_type=\"widget\" data-widget_type=\"heading.default\">\n\t\t\t\t<div class=\"elementor-widget-container\">\n\t\t\t\t\t<h3 class=\"elementor-heading-title elementor-size-default\">Wy\u015blij wiadomo\u015b\u0107<\/h3>\t\t\t\t<\/div>\n\t\t\t\t<\/div>\n\t\t\t\t<div class=\"elementor-element elementor-element-567b10e elementor-widget elementor-widget-shortcode\" data-id=\"567b10e\" data-element_type=\"widget\" data-widget_type=\"shortcode.default\">\n\t\t\t\t<div class=\"elementor-widget-container\">\n\t\t\t\t\t\t\t<div class=\"elementor-shortcode\"><div class=\"wpforms-container wpforms-container-full wpforms-render-modern\" id=\"wpforms-168\"><form id=\"wpforms-form-168\" class=\"wpforms-validate wpforms-form wpforms-ajax-form\" data-formid=\"168\" method=\"post\" enctype=\"multipart\/form-data\" action=\"\/index.php?rest_route=%2Fwp%2Fv2%2Fpages%2F134\" data-token=\"adecb24e973afbdbdc46edea9821de64\" data-token-time=\"1776493332\"><noscript class=\"wpforms-error-noscript\">Please enable JavaScript in your browser to complete this form.<\/noscript><div class=\"wpforms-hidden\" id=\"wpforms-error-noscript\">Please enable JavaScript in your browser to complete this form.<\/div><div class=\"wpforms-field-container\"><div id=\"wpforms-168-field_1-container\" class=\"wpforms-field wpforms-field-name\" data-field-id=\"1\"><label class=\"wpforms-field-label\" for=\"wpforms-168-field_1\">Imi\u0119 <span class=\"wpforms-required-label\" aria-hidden=\"true\">*<\/span><\/label><input type=\"text\" id=\"wpforms-168-field_1\" class=\"wpforms-field-large wpforms-field-required\" name=\"wpforms[fields][1]\" aria-errormessage=\"wpforms-168-field_1-error\" required><\/div><div id=\"wpforms-168-field_2-container\" class=\"wpforms-field wpforms-field-email\" data-field-id=\"2\"><label class=\"wpforms-field-label\" for=\"wpforms-168-field_2\">Adres e-mail <span class=\"wpforms-required-label\" aria-hidden=\"true\">*<\/span><\/label><input type=\"email\" id=\"wpforms-168-field_2\" class=\"wpforms-field-large wpforms-field-required\" name=\"wpforms[fields][2]\" spellcheck=\"false\" aria-errormessage=\"wpforms-168-field_2-error\" required><\/div><div id=\"wpforms-168-field_3-container\" class=\"wpforms-field wpforms-field-textarea\" data-field-id=\"3\"><label class=\"wpforms-field-label\" for=\"wpforms-168-field_3\">Wiadomo\u015b\u0107 <span class=\"wpforms-required-label\" aria-hidden=\"true\">*<\/span><\/label><textarea id=\"wpforms-168-field_3\" class=\"wpforms-field-medium wpforms-field-required\" name=\"wpforms[fields][3]\" aria-errormessage=\"wpforms-168-field_3-error\" required><\/textarea><\/div><div id=\"wpforms-168-field_4-container\" class=\"wpforms-field wpforms-field-checkbox\" data-field-id=\"4\"><fieldset><legend class=\"wpforms-field-label\"> <span class=\"wpforms-required-label\" aria-hidden=\"true\">*<\/span><\/legend><ul id=\"wpforms-168-field_4\" class=\"wpforms-field-required\"><li class=\"choice-1 depth-1\"><input type=\"checkbox\" id=\"wpforms-168-field_4_1\" name=\"wpforms[fields][4][]\" value=\"Akceptuje regulamin, m\u00f3wi\u0105cy o tym \u017ce: Dane osobowe zawarte w formularzu kontaktowym b\u0119d\u0105 przetwarzane przez AXERIS Grzegorz Siczek, ul. \u015awiderska 104 lok. 11, 03-128 Warszawa, NIP 9462271117, gsiczek@axeris.pl,  +48 508 047 554 wsp\u00f3\u0142tw\u00f3rc\u0119 i g\u0142\u00f3wnego administratora strony, znajduj\u0105cej si\u0119 pod adresem www.axeris.pl w celu udzielenia odpowiedzi lub za\u0142atwienia Twojej sprawy. Zapozna\u0142am\/em si\u0119 z &lt;a href=&quot;https:\/\/axeris.pl\/?page_id=3&quot;&gt;&quot;polityk\u0105 prywatno\u015bci&quot;. &lt;\/a&gt;\" aria-errormessage=\"wpforms-168-field_4_1-error\" required ><label class=\"wpforms-field-label-inline\" for=\"wpforms-168-field_4_1\">Akceptuje regulamin, m\u00f3wi\u0105cy o tym \u017ce: Dane osobowe zawarte w formularzu kontaktowym b\u0119d\u0105 przetwarzane przez AXERIS Grzegorz Siczek, ul. \u015awiderska 104 lok. 11, 03-128 Warszawa, NIP 9462271117, gsiczek@axeris.pl,  +48 508 047 554 wsp\u00f3\u0142tw\u00f3rc\u0119 i g\u0142\u00f3wnego administratora strony, znajduj\u0105cej si\u0119 pod adresem www.axeris.pl w celu udzielenia odpowiedzi lub za\u0142atwienia Twojej sprawy. Zapozna\u0142am\/em si\u0119 z <a href=\"https:\/\/axeris.pl\/?page_id=3\">\"polityk\u0105 prywatno\u015bci\". <\/a><\/label><\/li><\/ul><\/fieldset><\/div><\/div><!-- .wpforms-field-container --><div class=\"wpforms-submit-container\" ><input type=\"hidden\" name=\"wpforms[id]\" value=\"168\"><input type=\"hidden\" name=\"page_title\" value=\"\"><input type=\"hidden\" name=\"page_url\" value=\"https:\/\/axeris.pl\/index.php?rest_route=\/wp\/v2\/pages\/134\"><input type=\"hidden\" name=\"url_referer\" value=\"\"><button type=\"submit\" name=\"wpforms[submit]\" id=\"wpforms-submit-168\" class=\"wpforms-submit\" data-alt-text=\"Wysy\u0142anie...\" data-submit-text=\"Wy\u015blij\" aria-live=\"assertive\" value=\"wpforms-submit\">Wy\u015blij<\/button><img decoding=\"async\" src=\"https:\/\/axeris.pl\/wp-content\/plugins\/wpforms-lite\/assets\/images\/submit-spin.svg\" class=\"wpforms-submit-spinner\" style=\"display: none;\" width=\"26\" height=\"26\" alt=\"Loading\"><\/div><\/form><\/div>  <!-- .wpforms-container --><\/div>\n\t\t\t\t\t\t<\/div>\n\t\t\t\t<\/div>\n\t\t\t\t<\/div>\n\t\t\t\t\t<\/div>\n\t\t\t\t<\/div>\n\t\t<div class=\"elementor-element elementor-element-47648c8 e-flex e-con-boxed e-con e-parent\" data-id=\"47648c8\" data-element_type=\"container\">\n\t\t\t\t\t<div class=\"e-con-inner\">\n\t\t\t\t\t<\/div>\n\t\t\t\t<\/div>\n\t\t<div class=\"elementor-element elementor-element-3b73787 e-flex e-con-boxed e-con e-parent\" data-id=\"3b73787\" data-element_type=\"container\">\n\t\t\t\t\t<div class=\"e-con-inner\">\n\t\t\t\t<div class=\"elementor-element elementor-element-9c47c04 elementor-widget elementor-widget-wpforms\" data-id=\"9c47c04\" data-element_type=\"widget\" data-widget_type=\"wpforms.default\">\n\t\t\t\t<div class=\"elementor-widget-container\">\n\t\t\t\t\t<style id=\"wpforms-css-vars-elementor-widget-9c47c04\">\n\t\t\t\t.elementor-widget-wpforms.elementor-element-9c47c04 {\n\t\t\t\t--wpforms-field-size-input-height: 43px;\n--wpforms-field-size-input-spacing: 15px;\n--wpforms-field-size-font-size: 16px;\n--wpforms-field-size-line-height: 19px;\n--wpforms-field-size-padding-h: 14px;\n--wpforms-field-size-checkbox-size: 16px;\n--wpforms-field-size-sublabel-spacing: 5px;\n--wpforms-field-size-icon-size: 1;\n--wpforms-label-size-font-size: 16px;\n--wpforms-label-size-line-height: 19px;\n--wpforms-label-size-sublabel-font-size: 14px;\n--wpforms-label-size-sublabel-line-height: 17px;\n--wpforms-button-size-font-size: 17px;\n--wpforms-button-size-height: 41px;\n--wpforms-button-size-padding-h: 15px;\n--wpforms-button-size-margin-top: 10px;\n\n\t\t\t}\n\t\t\t<\/style>\t\t\t\t<\/div>\n\t\t\t\t<\/div>\n\t\t\t\t\t<\/div>\n\t\t\t\t<\/div>\n\t\t\t\t<\/div>\n\t\t","protected":false},"excerpt":{"rendered":"<p>Kontakt Dane kontaktowe Adres:\u00a0ul. \u015awiderska 104 lok. 11,\u00a003-128 Warszawa Telefon: +48 508 047 554 E-mail: gsiczek@axeris.pl Wy\u015blij wiadomo\u015b\u0107<\/p>\n","protected":false},"author":1,"featured_media":0,"parent":0,"menu_order":0,"comment_status":"closed","ping_status":"closed","template":"","meta":{"footnotes":""},"class_list":["post-134","page","type-page","status-publish","hentry"],"aioseo_notices":[],"_links":{"self":[{"href":"https:\/\/axeris.pl\/index.php?rest_route=\/wp\/v2\/pages\/134","targetHints":{"allow":["GET"]}}],"collection":[{"href":"https:\/\/axeris.pl\/index.php?rest_route=\/wp\/v2\/pages"}],"about":[{"href":"https:\/\/axeris.pl\/index.php?rest_route=\/wp\/v2\/types\/page"}],"author":[{"embeddable":true,"href":"https:\/\/axeris.pl\/index.php?rest_route=\/wp\/v2\/users\/1"}],"replies":[{"embeddable":true,"href":"https:\/\/axeris.pl\/index.php?rest_route=%2Fwp%2Fv2%2Fcomments&post=134"}],"version-history":[{"count":10,"href":"https:\/\/axeris.pl\/index.php?rest_route=\/wp\/v2\/pages\/134\/revisions"}],"predecessor-version":[{"id":178,"href":"https:\/\/axeris.pl\/index.php?rest_route=\/wp\/v2\/pages\/134\/revisions\/178"}],"wp:attachment":[{"href":"https:\/\/axeris.pl\/index.php?rest_route=%2Fwp%2Fv2%2Fmedia&parent=134"}],"curies":[{"name":"wp","href":"https:\/\/api.w.org\/{rel}","templated":true}]}}